ainder when 10 is divided by d(z).
4
Suppose l + 2*s = 4*l + 63, -2*l - 42 = 3*s. What is the remainder when (-18)/36 + l/(-2) is divided by 3?
1
Let y = 285 + -168. Let w = y - 72. What is the remainder when 87 is divided by w?
42
Suppose -r = v, 3*r - 3 + 11 = 5*v. Let d be ((-51)/(-85))/(r/(-5)). Suppose 0 = -5*c, -355 = -8*h + d*h - 2*c. Calculate the remainder when h is divided by 25.
21
Let z be (2 + 3/(-9) + -1)*-36. Let o = 53 + z. Calculate the remainder when o is divided by 3.
2
Suppose -7 = -2*s - 1. Suppose s*i = -y - 0*y - 14, 0 = -4*i + 2*y - 2. What is the remainder when (1/(-1))/(i/105) is divided by 9?
8
Let g(m) = m**2 + m + 12. Let z = -713 - -504. What is the remainder when z/(-9) - (-20)/(-90) is divided by g(0)?
11
Let k = -22 + 32. Suppose 126 = 5*q + 2*q. Let b = q - k. Calculate the remainder when 23 is divided by b.
7
Let j be (3 - 1) + -1 + 5. Let d = 115 - 42. Calculate the remainder when d is divided by 112/j - (-3)/9.
16
Suppose -20 = 5*o, -5*i - 2*o + 74 = -393. Calculate the remainder when i is divided by 11.
7
Suppose -4*o = 2*m - 0*o - 4, 3 = -4*m + 3*o. Let a(z) = -z**3 - 2*z**2 + 25. What is the remainder when a(m) is divided by 13?
12
Suppose 4*m - 17 = 3*u - 4*u, -3*u + 18 = m. What is the remainder when 95/7 + 39/91 is divided by m?
2
Suppose b = 16*b + 75. What is the remainder when 5/(b + 0) - -43 is divided by 28?
14
Suppose 169 = 5*q + 24. Suppose 39 = 4*d - q. Suppose 0 = 17*y - 16*y - 66. What is the remainder when y is divided by d?
15
Suppose -830*q - 532 = -844*q. What is the remainder when 65 is divided by q?
27
Let a = -124 - -173. What is the remainder when a is divided by 18?
13
Suppose -6*k = 3*n - 3*k - 276, -k = 3*n - 270. What is the remainder when n is divided by 31?
27
Suppose 14 = -3*m + 35. Suppose -107 + 2 = -m*p. What is the remainder when p is divided by 8?
7
Let f(q) = -q**2 - 2*q + 2. Let m be f(0). Suppose 0 = -4*a - 2*k + 188, 0 = -a + 3*a + m*k - 94. What is the remainder when a is divided by 13?
8
Suppose 7*y - 265 = 2*y. Suppose -27*f + 25*f + 3*m + 43 = 0, 62 = 3*f - 4*m. Calculate the remainder when y is divided by f.
11
Let s(w) = 34*w - 6. Calculate the remainder when 55 is divided by s(1).
27
Calculate the remainder when (-1 - 18599/(-105)) + (-4)/30 is divided by 63.
50
Let b(d) = 8*d**2 + 3*d - 3. What is the remainder when b(4) is divided by 24?
17
Let i = 36 - 33. Suppose 0*k = 3*k - 87. Suppose -3*m - o + k = 0, -2*m = m + 2*o - 28. Calculate the remainder when m is divided by i.
1
Calculate the remainder when (5 - (1 - -5)) + 17*11 is divided by 27.
24
Let x = 167 - -117. Calculate the remainder when x is divided by 19.
18
Let k = 107 - 17. Suppose 0*i + k = 3*i. Let b = 1277 + -1266. What is the remainder when i is divided by b?
8
Let g(d) = -90*d**3 + d**2 - d - 2. Calculate the remainder when g(-1) is divided by 19.
14
Suppose -3*p + 103 = -35. Suppose 0 = 2*g + 8, 4*y - 2*g = 6*y - p. Calculate the remainder when 79 is divided by y.
25
Let u(g) = 3*g**3 - 3*g + 1. Let l be 1 - (-3 - (1 + -2)). Suppose 2*s - l*f - 23 = 0, -f - 41 = -5*s + f. Calculate the remainder when u(2) is divided by s.
5
Let m(r) = -r**3 + 28*r**2 + 3*r + 2. What is the remainder when 95 is divided by m(28)?
9
Let g(b) = 2*b + 5. Let h be g(-2). Suppose -5*k = -h - 99. Calculate the remainder when 76 is divided by k.
16
Suppose -181 = -2*j + p, 2*j - 4*p + 113 = 3*j. What is the remainder when j is divided by 19?
17
Suppose -3*g + 5*w = -271, -5*g - 3*w = -0*g - 497. Calculate the remainder when g is divided by 36.
25
Suppose 6*x - 4 = 8. Suppose 0 = 2*n + 3*n - 45. Calculate the remainder when n is divided by x.
1
What is the remainder when 176 is divided by 660/9 - (-52)/(-39)?
32
Suppose -12 = 3*f - 0*f. Calculate the remainder when 1 + 46 - (-16)/8 is divided by (-2)/8 + (-69)/f.
15
Let p = 142 - 115. Calculate the remainder when 51 is divided by p.
24
Suppose 17*k - 13*k = -g + 87, -k + g + 23 = 0. Calculate the remainder when 78 is divided by k.
12
Let k(i) = i**2 - 14*i + 180. Calculate the remainder when k(47) is divided by 51.
48
Let n be 18/4*16/12. Let f = n - 6. Suppose f = 3*y + 2*y - 80. Calculate the remainder when 61 is divided by y.
13
Calculate the remainder when (-57)/(-11) - (-4)/(-22) is divided by (-182)/(-56) + (-1)/4.
2
Let g(d) = 18*d + 37. Calculate the remainder when g(5) is divided by 33.
28
Let n = -216 - -387. Calculate the remainder when n is divided by 36.
27
Let t(i) = i**2 + 5*i + 3. Suppose 61 + 37 = 7*k. Calculate the remainder when t(-10) is divided by k.
11
Suppose 0 = -2*j + 5*u + 93, j - 2*u - 45 = -0*u. Suppose 3*k = 5*q + 35, -2*k - 2*q = -k - 8. Calculate the remainder when 13/j - (-100)/6 is divided by k.
7
Suppose 8 + 17 = 5*x. Suppose 2*s = 4*j + 34, 0 = -x*s + j - 0*j + 94. What is the remainder when 74 is divided by s?
17
Suppose -2*u + 60 = -6*u. Let l be -1*2/5*u. Suppose 2*d - l*d + 3*n + 37 = 0, 3*d - 5*n = 14. Calculate the remainder when 50 is divided by d.
11
Suppose t - 6 = 4*a, -t - 2*t + 4*a + 26 = 0. Suppose 0 = 13*r - t*r - 54. Calculate the remainder when 87 is divided by r.
15
Suppose -408*u + 401*u = -119. What is the remainder when 47 is divided by u?
13
Suppose 10*x = 15*x - 4*g - 554, -5*g = 5*x - 590. Let c = 200 - x. Calculate the remainder when c is divided by 24.
14
Suppose 11*f - 8*f = 51. Suppose -y + 264 = 4*c + y, 0 = -2*c + 3*y + 124. What is the remainder when c is divided by f?
14
Suppose -3*f + 2*t + 117 = 0, f - 38 = -0*t + t. Suppose -4*u + 38 + 18 = 0. What is the remainder when f is divided by u?
13
Suppose -5*w + 5*z = -30, 0 = -0*w - 2*w - z + 12. Let u(i) = -i**2 + 21. Let h be u(0). What is the remainder when h*(-2)/8*-4 is divided by w?
3
Let a = 5631 + -3372. What is the remainder when a is divided by 39?
36
Let j = -354 + 370. Calculate the remainder when 44 is divided by j.
12
Let j(h) = h**2 + 10*h - 14. Suppose u = 24*u - 92. What is the remainder when j(-12) is divided by u?
2
Suppose -10 = -5*a, -5*a + 19 - 49 = 5*f. Let m(n) = -n**3 - 8*n**2 - n + 18. Calculate the remainder when 101 is divided by m(f).
23
Let o = 161 - 105. Suppose -22*b - 990 = -55*b. What is the remainder when o is divided by b?
26
Let u = 8 - 11. Let v(j) = -2*j**3 - j**2. What is the remainder when v(u) is divided by 12?
9
Suppose -3*x = -8 - 4. What is the remainder when 50 + -2*(-2 + x) is divided by 24?
22
Let q = 46 - -190. Suppose 4*n - 254 = 2*o, -n + 5*n + 4*o = q. What is the remainder when n is divided by 16?
14
Let a(j) = -21*j - 32. Calculate the remainder when a(-7) is divided by (-737)/(-44) + (-1)/(-4).
13
Suppose -4*u = 5*h - 71, 5*h + 8 = 2*u - 65. Let a = 35 - u. Let t(l) = -l**3 + 12*l**2 - 11*l + 16. Calculate the remainder when 63 is divided by t(a).
15
Let q be 0/2 - (-8 + 4). Suppose 2*n - q*n + 146 = 0. Calculate the remainder when n is divided by (-3 - -1)/(((-28)/(-175))/(-2)).
23
Suppose 5*k + 0*k + 1080 = 0. Let l = -138 - k. What is the remainder when l is divided by 20?
18
Let x = 13 - -52. Let i = 76 - x. What is the remainder when 41 is divided by i?
8
Let z(q) = -q**3 - 5*q**2 + 4. Let x be z(-5). Suppose 142 + 74 = x*u. Suppose 0 = 2*d - 5*d + u. What is the remainder when 52 is divided by d?
16
Let q(w) = w**2 - 4*w - 6. Let p be q(5). Let k be (-12)/8*-154 - p. Suppose -4*l + 6*b = 2*b - k, -20 = -4*b. Calculate the remainder when l is divided by 13.
11
Let k(z) = 3 + 23*z**2 + 7*z**2 + z + 32*z**2 + 27*z**2. Let t be k(-2). Calculate the remainder when 116 is divided by t/12 + 5/20.
26
Let y(a) = -28*a**3 - 1. Suppose 0 = 19*t + 21*t - 2080. Calculate the remainder when t is divided by y(-1).
25
Suppose 87*i = 86*i + 45. What is the remainder when (-12)/(-3) + 8 + i is divided by 22?
13
Let j = 171 + 51. Let r = -137 + j. What is the remainder when r is divided by 11?
8
Let v = 41 - -8. Let a = -10 + v. What is the remainder when a is divided by 114/8 + (-2)/8?
11
Let s be 6/9*198*1. Let h = s - 93. Suppose 0 = -5*n + 6*n - h. Calculate the remainder when n is divided by 20.
19
Suppose 6*f - 5*f + 4*y - 195 = 0, 0 = y - 2. Calculate the remainder when f is divided by 62.
1
Suppose -5*q = -4*q + 6. Let x = q - -7. Suppose -6*s - x = -19. Calculate the remainder when 7 is divided by s.